divisor of 17690522 and 290.
58
Calculate the greatest common divisor of 96580 and 128194.
22
What is the highest common factor of 7776217 and 276841?
2741
Calculate the highest common divisor of 8531 and 910081.
19
What is the greatest common divisor of 39875 and 20082500?
3625
What is the greatest common divisor of 19 and 881077367?
19
Calculate the highest common factor of 83 and 9478517.
83
What is the greatest common divisor of 26663 and 16003?
13
What is the highest common divisor of 3175470 and 288135?
855
What is the greatest common divisor of 173787810 and 133770?
10290
What is the greatest common divisor of 736 and 11044048?
368
Calculate the highest common factor of 431648243 and 13.
13
Calculate the greatest common factor of 1297021 and 275.
11
Calculate the highest common divisor of 82410182 and 76.
38
What is the greatest common divisor of 3374100 and 48420?
180
What is the highest common divisor of 19097 and 24338366?
169
Calculate the greatest common factor of 7277 and 1522793.
19
Calculate the greatest common factor of 369277 and 179.
179
Calculate the highest common factor of 35 and 1471793365.
35
Calculate the greatest common factor of 30 and 552657330.
30
Calculate the highest common factor of 131 and 7393247.
131
Calculate the highest common divisor of 42 and 69849894.
6
Calculate the highest common factor of 5661 and 5665551.
111
Calculate the greatest common divisor of 9965130 and 1960.
490
What is the greatest common divisor of 986986 and 7034566?
2618
Calculate the greatest common divisor of 2152 and 62247676.
1076
Calculate the greatest common factor of 6199609 and 37999.
481
Calculate the greatest common divisor of 19981635 and 855.
285
Calculate the highest common divisor of 864 and 500254920.
216
What is the highest common factor of 329022 and 124416?
486
Calculate the highest common factor of 1037343 and 285.
57
Calculate the highest common factor of 21978402 and 16.
2
Calculate the greatest common factor of 81355253 and 217.
217
Calculate the highest common divisor of 1011845 and 55.
5
What is the highest common divisor of 1363850 and 1600?
50
What is the highest common factor of 79156 and 5500?
44
What is the highest common divisor of 16649630 and 9990?
370
What is the greatest common divisor of 631036 and 78988?
868
Calculate the greatest common divisor of 3696 and 11464299.
231
What is the greatest common factor of 5619 and 24279?
3
Calculate the greatest common divisor of 204 and 402474252.
204
Calculate the greatest common factor of 656573 and 2925589.
1567
Calculate the greatest common divisor of 16 and 409207.
1
What is the greatest common factor of 8358445 and 20?
5
Calculate the highest common divisor of 349 and 14663235.
349
What is the greatest common factor of 560 and 4784304?
112
What is the greatest common factor of 5189525 and 8588?
113
Calculate the highest common divisor of 973 and 1435140.
7
Calculate the highest common divisor of 37297 and 14053117.
1963
Calculate the highest common factor of 23923447 and 1.
1
Calculate the greatest common factor of 531 and 621327879.
531
What is the highest common divisor of 54 and 291234?
6
What is the greatest common divisor of 1815 and 133360755?
1815
Calculate the greatest common divisor of 501 and 38915676.
501
Calculate the greatest common divisor of 218412125 and 2125.
125
What is the greatest common divisor of 13540 and 7020?
20
What is the greatest common divisor of 28 and 539170282?
14
Calculate the greatest common factor of 6697404 and 8316.
756
Calculate the highest common factor of 74316 and 52833.
33
Calculate the greatest common factor of 60 and 126179595.
15
Calculate the highest common factor of 18896512 and 216.
8
What is the greatest common factor of 6989328 and 3888?
1296
What is the greatest common factor of 6390027 and 63?
63
What is the highest common factor of 1337654 and 11426?
58
Calculate the highest common factor of 31215575 and 855.
95
Calculate the greatest common divisor of 44360688 and 1476.
492
Calculate the highest common factor of 8115434 and 3278.
298
Calculate the greatest common divisor of 299715 and 241309.
1537
What is the highest common divisor of 5851376 and 98174?
514
What is the highest common divisor of 15162 and 3143550?
114
What is the highest common factor of 68515958 and 15743?
1211
What is the highest common divisor of 267 and 19747587?
267
What is the highest common divisor of 277 and 14146667?
277
Calculate the greatest common factor of 4555978 and 504.
14
Calculate the greatest common divisor of 6937303 and 1.
1
What is the greatest common factor of 2145 and 8578245?
195
Calculate the greatest common factor of 1910466 and 14.
2
What is the greatest common divisor of 246 and 16333498?
82
What is the greatest common divisor of 60776 and 1312034?
214
Calculate the greatest common factor of 35 and 7298900.
35
Calculate the highest common factor of 4110 and 14144565.
2055
What is the highest common factor of 431886 and 4342?
26
Calculate the greatest common divisor of 185409035 and 9135.
1015
Calculate the greatest common divisor of 74208945 and 15.
15
What is the highest common divisor of 809379 and 62?
31
Calculate the greatest common factor of 10 and 31470145.
5
Calculate the greatest common divisor of 3055 and 28811.
47
Calculate the highest common divisor of 14 and 170672474.
14
Calculate the greatest common factor of 23694 and 60900042.
2154
What is the greatest common divisor of 1267 and 1057091?
7
What is the greatest common divisor of 362967 and 288541?
187
What is the highest common divisor of 100 and 38741350?
50
Calculate the highest common divisor of 35378 and 2610524.
1862
What is the greatest common factor of 28 and 134743847?
7
What is the highest common factor of 2473769 and 3208?
401
Calculate the greatest common factor of 412 and 35638721.
103
What is the highest common factor of 406 and 5349358?
14
Calculate the highest common factor of 54 and 167.
1
What is the highest common factor of 1105 and 446615?
65
Calculate the greatest common factor of 11830 and 100432150.
910
What is the highest common divisor of 17197 and 733381?
29
What is the greatest common divisor of 1124 and 76112503?
281
Calculate the highest common divisor of 247 and 122647736.
19
What is the greatest common divisor of 137349 and 3861?
27
Calculate the highest common factor of 10309590 and 36.
18
What is the highest common factor of 2910 and 237210590?
970
Calculate the highest common factor of 232807 and 8227.
19
Calculate the greatest common divisor of 53675 and 3495375.
25
Calculate the highest common factor of 629774 and 1824.
38
What is the highest common factor of 281657016 and 180?
36
What is the greatest common factor of 6080 and 3966706?
38
Calculate the greatest common divisor of 2410268 and 6608.
1652
Calculate the greatest common factor of 8487115 and 7475.
1495
What is the highest common factor of 3348 and 337932891?
837
Calculate the greatest common factor of 204414 and 26149606.
2198
Calculate the greatest common divisor of 1980 and 167530.
110
Calculate the highest common factor of 375 and 2267775.
75
Calculate the highest common divisor of 699406 and 6656092.
4694
Calculate the greatest common divisor of 475 and 4951077.
19
Calculate the greatest common factor of 3534660 and 630.
90
Calculate the highest common factor of 474863 and 2218152.
3187
What is the greatest common factor of 1556081 and 1520?
19
What is the highest common divisor of 55259908 and 4?
4
What is the greatest common divisor of 6820 and 905080?
220
Calculate the highest common divisor of 101956 and 2810252.
1436
Calculate the highest common factor of 131397828 and 24.
12
Calculate the greatest common divisor of 391 and 11503747.
17
What is the greatest common divisor of 1078 and 592823?
77
What is the highest common factor of 986 and 26997088?
34
Calculate the highest common divisor of 64 and 1485200.
16
Calculate the greatest common divisor of 1528 and 11907704.
1528
What is the greatest common divisor of 28750395 and 228585?
4665
Calculate the highest common divisor of 193227294 and 1677.
1677
Calculate the highest common factor of 9535 and 187210.
5
Calculate the highest common factor of 657623676 and 12.
12
Calculate the highest c